ctor of 16903481?
True
Is 13 a factor of 85779031?
True
Is 74 a factor of 10936732?
False
Does 6656 divide 1326310581?
False
Is 149915499 a multiple of 101?
False
Does 2 divide 41528287?
False
Is 1748003072 a multiple of 1051?
False
Is 44 a factor of 69154028?
False
Is 109916940 a multiple of 15?
True
Is 75 a factor of 3820427640?
False
Does 2 divide 46996197?
False
Does 17 divide 9325214?
True
Does 20 divide 46844842?
False
Is 55 a factor of 8445856?
False
Is 5631180 a multiple of 6?
True
Is 7 a factor of 36707096?
False
Is 4625 a factor of 550412000?
True
Is 281 a factor of 1294571496?
True
Does 4 divide 10251460?
True
Is 32060314 a multiple of 1859?
True
Is 103636715 a multiple of 245?
True
Does 60 divide 7087620?
True
Is 121124483 a multiple of 239?
True
Is 292 a factor of 445325696?
True
Is 149252680 a multiple of 463?
True
Is 93 a factor of 5983620?
True
Is 18239309 a multiple of 87?
False
Does 41 divide 71940890?
False
Is 412935684 a multiple of 6?
True
Is 1307 a factor of 92801040?
False
Is 725 a factor of 2123368?
False
Does 59 divide 6276875?
False
Does 355 divide 103784659?
False
Is 80804094 a multiple of 357?
True
Does 4144 divide 971731981?
False
Is 18980877 a multiple of 15?
False
Is 1596 a factor of 9239244?
True
Is 24423700 a multiple of 460?
True
Is 156995710 a multiple of 43?
False
Does 351 divide 47643135?
False
Is 1240909152 a multiple of 142?
False
Is 347 a factor of 7881411?
True
Is 165 a factor of 11819445?
True
Does 360 divide 211131192?
False
Is 1256 a factor of 494207112?
True
Does 1122 divide 30923805?
False
Is 14 a factor of 226421479?
False
Does 4307 divide 3167488483?
False
Is 3215 a factor of 1127202558?
False
Is 33583941 a multiple of 11?
False
Is 119298756 a multiple of 2033?
False
Does 19 divide 436353839?
False
Does 7 divide 167290786?
False
Is 2 a factor of 14364071?
False
Does 4414 divide 73800047?
False
Does 11 divide 1986290702?
True
Is 144716670 a multiple of 21?
True
Does 44 divide 30641682?
False
Is 52 a factor of 130523172?
True
Does 2212 divide 1326935178?
False
Is 7 a factor of 75116287?
False
Is 1096127835 a multiple of 15?
True
Does 209 divide 27001600?
False
Is 47649168 a multiple of 12?
True
Does 83 divide 2005343085?
False
Is 2417367 a multiple of 843?
False
Is 2358 a factor of 330744870?
True
Does 24 divide 940745664?
True
Does 146 divide 287264490?
True
Is 164955536 a multiple of 823?
True
Does 1096 divide 1760305018?
False
Does 25 divide 2196709150?
True
Does 1072 divide 90443568?
True
Is 130314792 a multiple of 204?
True
Does 44 divide 104579331?
False
Does 8 divide 128854392?
True
Does 205 divide 210876988?
False
Does 26 divide 387792450?
False
Does 91 divide 35375212?
False
Is 79827825 a multiple of 1803?
True
Is 2833 a factor of 206854328?
True
Does 38 divide 284372658?
True
Does 28 divide 300577?
False
Does 4 divide 211121384?
True
Is 2144 a factor of 737424236?
False
Is 235527641 a multiple of 6?
False
Is 512877620 a multiple of 565?
True
Does 2603 divide 106897864?
False
Is 7739564 a multiple of 28?
True
Does 133 divide 1390249?
True
Does 12 divide 4425496?
False
Is 6 a factor of 198104643?
False
Does 443 divide 108614740?
True
Is 87 a factor of 201835947?
False
Is 699033180 a multiple of 708?
True
Does 11 divide 82204718?
False
Is 218895566 a multiple of 5?
False
Does 3 divide 13745684?
False
Is 2819 a factor of 11870227?
False
Is 104975208 a multiple of 24?
True
Does 66 divide 232713162?
True
Is 410292109 a multiple of 79?
True
Does 193 divide 9756343?
True
Does 248 divide 5660537504?
True
Is 74091896 a multiple of 449?
False
Is 18 a factor of 34588360?
False
Is 2567821226 a multiple of 128?
False
Is 46 a factor of 953363?
False
Is 203777532 a multiple of 324?
True
Is 7 a factor of 1884263295?
False
Is 102 a factor of 1768118911?
False
Is 38 a factor of 641858?
True
Is 970 a factor of 1337670740?
True
Does 23 divide 23150972?
True
Is 73140228 a multiple of 861?
True
Is 10 a factor of 3584200?
True
Is 9757224 a multiple of 232?
True
Does 1025 divide 42765050?
True
Is 115641351 a multiple of 8?
False
Does 977 divide 24753272?
True
Does 10 divide 42879118?
False
Is 171 a factor of 201246303?
False
Is 443568512 a multiple of 614?
False
Does 2145 divide 2749666920?
True
Does 40 divide 32048648?
False
Is 57 a factor of 204889279?
False
Does 14 divide 45724504?
True
Is 13532669 a multiple of 3648?
False
Is 47 a factor of 594420048?
False
Is 1314 a factor of 19127898?
True
Is 12440971 a multiple of 1019?
True
Does 16 divide 3473327?
False
Is 2095809468 a multiple of 182?
False
Is 815614641 a multiple of 423?
True
Is 19 a factor of 23496939?
True
Is 715 a factor of 2051087610?
True
Does 11 divide 308318846?
True
Is 111 a factor of 387310201?
False
Is 48748367 a multiple of 17?
True
Is 15 a factor of 1299091114?
False
Is 707 a factor of 7550136?
False
Is 919288800 a multiple of 75?
True
Is 8571842 a multiple of 34?
True
Is 436704721 a multiple of 323?
True
Does 113 divide 19800425?
True
Is 3 a factor of 10441615?
False
Does 58 divide 303705342?
True
Does 30 divide 48806490?
True
Does 8 divide 1258880?
True
Is 108 a factor of 67950576?
True
Does 14 divide 634061106?
True
Does 540 divide 27835038?
False
Is 109297634 a multiple of 21?
False
Is 1207 a factor of 1751115600?
True
Is 43 a factor of 1177810076?
True
Is 11 a factor of 187047963?
False
Is 346713476 a multiple of 1939?
False
Does 141 divide 227360949?
True
Is 36 a factor of 1499278681?
False
Does 49 divide 5104844451?
True
Is 2621880446 a multiple of 156?
False
Is 30 a factor of 49535010?
True
Is 4416230548 a multiple of 158?
False
Is 84120416 a multiple of 29?
True
Does 3177 divide 381319914?
False
Is 8 a factor of 7129480?
True
Is 2464160983 a multiple of 9436?
False
Does 997 divide 899319650?
False
Is 54 a factor of 16341588?
True
Is 8 a factor of 374201712?
True
Does 56 divide 667931880?
True
Is 757 a factor of 38076170?
False
Is 653 a factor of 291995480?
True
Is 1045327 a multiple of 4?
False
Is 493911670 a multiple of 2779?
True
Is 65 a factor of 7103395?
True
Is 4803825 a multiple of 1895?
True
Does 7 divide 61293642?
False
Is 95575880 a multiple of 8?
True
Is 637944668 a multiple of 1684?
True
Does 42 divide 927654?
True
Does 583 divide 14635632?
True
Is 446441408 a multiple of 148?
True
Is 1419 a factor of 738622137?
True
Is 12 a factor of 22811040?
True
Is 2831 a factor of 579780307?
True
Is 9541012 a multiple of 731?
True
Is 365624451 a multiple of 759?
False
Is 12 a factor of 2545578185?
False
Is 101 a factor of 262356287?
True
Is 5 a factor of 7776481?
False
Does 647 divide 121430901?
True
Is 321 a factor of 194971687?
False
Does 12 divide 797550417?
False
Is 40118699 a multiple of 643?
True
Does 92 divide 133966387?
False
Does 37 divide 73127170?
True
Does 90 divide 352410030?
True
Does 46 divide 2476556702?
False
Does 774 divide 275006070?
True
Is 34 a factor of 202138296?
True
Is 20679264 a multiple of 944?
True
Is 2480848042 a multiple of 857?
False
Is 9908 a factor of 999875728?
True
Does 3 divide 5076855?
True
Is 54 a factor of 305175168?
True
Is 3815448 a multiple of 546?
True
Is 2541910 a multiple of 70?
True
Does 362 divide 4054038?
True
Is 63324864 a multiple of 144?
True
Does 2373 divide 64127952?
True
Does 629 divide 4102310324?
True
Is 15 a factor of 48722580?
True
Is 953 a factor of 4596319?
True
Is 2349 a factor of 196761636?
True
Is 31 a factor of 115877347?
False
Does 40 divide 271134880?
True
Is 28924092 a multiple of 12?
True
Is 85470296 a multiple of 25?
False
Does 130 divide 2384593770?
True
Is 1588105099 a multiple of 17?
True
Is 885417510 a multiple of 505?
True
Is 832582130 a multiple of 14?
False
Is 6078166 a multiple of 5?
False
Does 8 divide 38800561?
False
Is 15396640 a multiple of 233?
True
Is 20472465 a multiple of 458?
False
Does 9 divide 329099690?
False
Is 25 a factor of 90639900?
True
Is 334 a factor of 80938031?
False
Is 86648998 a multiple of 31?
False
Is 61 a factor of 1014716883?
True
Does 5017 divide 1569282481?
True
Does 70 divide 4388860?
True
Is 5 a factor of 594701290?
True
Is 7 a factor of 135227673?
True
Is 306107955 a multiple of 45?
True
Does 2364 divide 3143873771?
False
Is 111502904 a multiple of 296?
True
Is 17 a factor of 848284327?
False
Is 453 a factor of 74204118?
